 32 and z?
4
Suppose 2*u - 94 = -5*l, 5*u - 2*u = 5*l + 166. Let a = u - 24. Calculate the greatest common divisor of a and 42.
14
Let i(x) = -9*x - 9. Let y be i(-11). Calculate the highest common factor of y and 10.
10
Suppose 2*a = -31 - 17. Let g = a + 37. Calculate the highest common divisor of g and 117.
13
Let f(s) = 23*s - 2. Let v be f(2). Let w = -28 + 39. What is the greatest common factor of w and v?
11
Let q = 35 - -163. Calculate the highest common divisor of 18 and q.
18
Suppose 5*r - 1 = -31. Let k be (-256)/(-1) - r/(-2). What is the highest common divisor of k and 23?
23
Let c(i) = i**2 - i - 5. Let g be c(3). Let b(z) = -z - 3. Let h be b(-4). Calculate the highest common factor of h and g.
1
Suppose -3*k - 4*c = -31, -2*c - 2 = -10. Suppose -m + 3*i + 55 = -49, 5*i = -k*m + 620. Suppose m - 482 = -3*q. What is the highest common factor of 11 and q?
11
Let n(a) = -8*a + 10. Let i(y) = 7*y - 9. Let s(c) = 4*i(c) + 3*n(c). Let h be s(-6). Let z be 5/(h/44)*-12. Calculate the greatest common divisor of 22 and z.
22
Let i(z) = 9*z - 5. Let d(g) = 26*g - 14. Let o(s) = 3*d(s) - 8*i(s). Let f be o(7). What is the greatest common divisor of f and 10?
10
Let o = -20 + 42. Calculate the highest common divisor of 33 and o.
11
Let i be -8*(-15)/6*4. Calculate the highest common divisor of 32 and i.
16
Suppose -5*i = -4*n - 191 - 3, 30 = i - 3*n. Calculate the highest common divisor of i and 6.
6
Suppose -3*c = -8*c - 10. Let j be 1/c + 115/10. Calculate the highest common divisor of j and 11.
11
Let i be (-82)/(-7) - 4/(-14). Let g be (i/9)/(2/3). Suppose q + g*r = 41, -184 = -7*q + 2*q - 3*r. Calculate the highest common divisor of 5 and q.
5
Suppose 4*k - 6*k - 20 = 0. Let o = k - -91. Calculate the highest common factor of 9 and o.
9
Let b(h) = -h**2 - 11*h + 14. Let p be b(-6). What is the highest common divisor of 4 and p?
4
Suppose 4*l + l - 91 = -3*k, 0 = 2*l - 3*k - 49. What is the greatest common factor of 2 and l?
2
Let q be 0 - (6/(-3) + -178). Let w(l) = l**2 + 4*l - 1. Let a be w(3). What is the greatest common factor of q and a?
20
Let z(w) = -2*w**3 + 2. Let p be z(-2). Let i be (-217)/(-6) + 5/(-30). What is the highest common divisor of p and i?
18
Let m(f) = f**3 + 15*f**2 - 20*f - 13. Let s be m(-16). What is the highest common factor of 3 and s?
3
Let y be (-1)/(-5) + (-3)/15. Let n = 11 - y. Suppose 0 = o - 0*o - 88. What is the greatest common factor of o and n?
11
Let z be (-2)/(0 - 2) - -1. Suppose z*s - 20 = -2*s. Let b be 30/(-9)*(-117)/26. Calculate the greatest common factor of b and s.
5
Let q be (0 + -24)*(5/(-2) + 2). Calculate the greatest common factor of 96 and q.
12
Let z be (-1 + 3/21)/((-4)/280). Calculate the highest common factor of z and 12.
12
Let d be (0 - -2) + 6 + -1. Let q(z) = -z**3 + 7*z**2 + 6*z - 7. Let s be q(d). Suppose -350 = -5*n + s. What is the highest common factor of n and 11?
11
Suppose 2*u = 2*n + 2, n - 3*n + 3*u - 7 = 0. Suppose 0 = -n*f + 4, 4*f - 81 = -4*h + 27. What is the highest common factor of 13 and h?
13
Let k be 14*1/(4/10). Let w = 6 + -2. Suppose d - 3*t - w = 0, 0*d + 5*t - 26 = -3*d. Calculate the highest common factor of k and d.
7
Let p be 208/6 + (-4)/(-12). Suppose -2*m + 35 = 3*m. Calculate the greatest common factor of m and p.
7
Let y(z) = z**3 - 10*z**2 + 6*z - 12. Let a be y(10). Let m be ((-2)/(-4))/(3/a). Suppose 2*k = m - 0. What is the greatest common factor of k and 36?
4
Let g be (-4 + (-2 - -5))*29. Let d = g + 73. What is the highest common divisor of d and 11?
11
Let q = 6 - -71. Calculate the greatest common factor of q and 7.
7
Suppose 2*u + 0*y + 4*y = 108, -5*u = 2*y - 278. Calculate the greatest common factor of u and 14.
14
Let v = -149 + 105. Let n be v/(-10) + (-2)/5. Suppose 40 + 184 = n*l. What is the greatest common factor of 8 and l?
8
Let z = -13 - -19. Suppose 20*h = 65 + 55. Calculate the greatest common factor of z and h.
6
Let w be 4/(-6) + 30/(-9). Let t be 152*-1*4/w. Calculate the greatest common divisor of t and 19.
19
Suppose -12 + 84 = 2*j - 2*t, 2*t - 8 = 0. Let r(d) = d**3 + 5*d**2 - 7*d - 9. Let n be r(-6). Let u = 11 + n. Calculate the highest common divisor of j and u.
8
Let n = -24 + 46. Suppose 38 + 61 = 3*a. Calculate the greatest common factor of n and a.
11
Let x = 41 + -6. Let l = 25 + -9. Let a = 30 - l. What is the highest common divisor of x and a?
7
Let s(y) = y - 2. Let d be s(2). Suppose -5*q + 19 = 4*x - 45, q + 4 = d. What is the highest common factor of 7 and x?
7
Suppose -r - 3*r = 40. Let x be 27/6*r/(-3). Let m(t) = 3*t + 14. Let o be m(-3). What is the highest common factor of x and o?
5
Let y be (-1)/((-3)/(-63)*-1). What is the highest common divisor of 3 and y?
3
Let l(x) = -13*x - 1. Let o be l(-1). Calculate the highest common divisor of 6 and o.
6
Suppose 0 = 5*l - 144 - 356. What is the greatest common factor of l and 40?
20
Suppose 306 = 5*r + 111. Suppose 7*v = 3*v - 212. Let d = 79 + v. Calculate the greatest common divisor of r and d.
13
Suppose 2*b + 12 = -b, -5*b = 3*c + 29. Let l be (-4)/(1*c/12). What is the greatest common factor of l and 48?
16
Suppose -8*i - 4*i = -1656. What is the highest common divisor of 69 and i?
69
Suppose 4*l = 2*y + 404, -3*l - 4*y = y - 277. Suppose 0 = -5*u + 3*p + 225, 2*u - 3*p = -0*u + l. What is the highest common factor of 6 and u?
6
Let m = -3 + 15. Let r(f) = f + 2. Let p be r(2). What is the highest common divisor of m and p?
4
Let f = 152 + -113. Calculate the greatest common divisor of f and 52.
13
Let f be 8/(-2)*43/(-4). Suppose -f = -3*o - 16. Let k(a) = a**3 - 8*a**2 - 7*a - 8. Let u be k(o). Calculate the highest common divisor of u and 10.
10
Suppose 0 = 4*k + k + 5. Let q be k*3 + (-2)/(-1). Let d be -1 + 0/q + 13. Calculate the highest common divisor of d and 12.
12
Suppose 0 = -2*x, -4*s = s + 5*x - 15. Suppose 0 = -s*b - 2*p + 45, 0*b - 3*b + 36 = 5*p. What is the greatest common factor of b and 17?
17
Suppose 0 = -6*l + l + 20. Let g = l - -4. Calculate the greatest common divisor of g and 16.
8
Suppose 0*h - 11 = -h. Suppose q + 20 - 108 = 0. Suppose 5*i - q = i. Calculate the highest common factor of h and i.
11
Let p be 9/4 - (-9)/(-36). Suppose -n + b + 3 = -18, 0 = -p*b + 4. Suppose 147 = 4*x - 37. What is the highest common divisor of x and n?
23
Let w(p) = -3*p. Let f be w(-5). Suppose 2*k = 7*s - 2*s - f, -2*s + 3*k + 17 = 0. Let j = -24 - -35. What is the greatest common factor of j and s?
1
Suppose -3*t - p + 45 = 0, -4*t = -5*p + p - 60. Suppose 0*a - 3*n - 14 = a, -t = 3*n. Calculate the greatest common factor of a and 9.
1
Let g = -12 + 24. Let w be 46 + -13 - 6/((-2)/(-1)). Calculate the highest common divisor of w and g.
6
Let m(g) = -20*g**2 - g + 4. Let n be m(5). Let w be 1/(-2) + n/(-2). Suppose 3*b = 8*b - w. What is the highest common divisor of b and 20?
10
Suppose 5*i + 2*v = i + 12, 4*i - 12 = v. Suppose 0 = -i*j - 20 - 10. Let k = j + 19. Calculate the highest common factor of 9 and k.
9
Let p(i) = -i**2 - 6*i + 8. Let q be p(-7). Calculate the highest common factor of q and 3.
1
Let x be (-2)/(-6) + (-47)/(-3). Calculate the greatest common divisor of x and 48.
16
Let l be (-12)/(-30)*1/(1/200). What is the greatest common factor of l and 32?
16
Suppose 0 = 2*o - 4*u - 14 - 2, 2*o + 3*u = -5. Calculate the greatest common divisor of o and 6.
2
Let c(l) = 5*l**3 + l - 1. Let y be c(1). Let b = -2 + y. Let o be -18*(-2 + b/6). What is the greatest common divisor of o and 18?
9
Let g be 7/((-21)/(-18)) + 0. Suppose 4*w - 16 = 0, -r - w + 156 = -g*w. Calculate the greatest common divisor of 16 and r.
16
Let m be ((-40)/(-16))/(2/4). Suppose -128 = u - m*u. Calculate the highest common divisor of u and 8.
8
Suppose 102 - 28 = -k. Let f(q) = 65*q. Let a be f(2). Let h = a + k. Calculate the highest common factor of 7 and h.
7
Let h be (-91)/1 + 3 + -4. Let z be (h/12)/((-1)/3). Let v = z + -15. What is the greatest common divisor of v and 4?
4
Suppose -2*n + 7*n = 0. Let i = -1 - n. Let k be 4/(4*i/(-110)). Calculate the greatest common divisor of 10 and k.
10
Suppose 0 = -4*y - 0 + 36. Calculate the highest common divisor of 99 and y.
9
Let c(i) = 2*i + 113. Let l be c(-28). What is the greatest common facto